{"id":982,"date":"2021-08-22T20:34:41","date_gmt":"2021-08-22T18:34:41","guid":{"rendered":"http:\/\/alenagalikmakeup.eu\/?page_id=982"},"modified":"2026-01-05T17:26:01","modified_gmt":"2026-01-05T16:26:01","slug":"cennik","status":"publish","type":"page","link":"https:\/\/alenagalikmakeup.eu\/?page_id=982","title":{"rendered":"Cenn\u00edk"},"content":{"rendered":"\n<h5 class=\"wp-block-heading has-medium-font-size\"><mark style=\"background-color:rgba(0, 0, 0, 0)\" class=\"has-inline-color has-vivid-red-color\">Make-up<\/mark><\/h5>\n\n\n\n<p class=\"has-medium-font-size\">Denn\u00fd, ve\u010dern\u00fd, spolo\u010densk\u00fd, svadobn\u00fd, sk\u00fa\u0161ka svadobn\u00e9ho make-upu*<\/p>\n\n\n\n<p class=\"has-medium-font-size\"><strong>70,- Eur<\/strong> + doprava<\/p>\n\n\n\n<p><\/p>\n\n\n\n<h5 class=\"wp-block-heading has-medium-font-size\"><mark style=\"background-color:rgba(0, 0, 0, 0)\" class=\"has-inline-color has-vivid-red-color\">Spolo\u010densk\u00fd \u00fa\u010des**<\/mark><\/h5>\n\n\n\n<p class=\"has-medium-font-size\">hairstyling pod\u013ea n\u00e1ro\u010dnosti, sk\u00fa\u0161ka svadobn\u00e9ho \u00fa\u010desu*<\/p>\n\n\n\n<p class=\"has-medium-font-size\"><strong>od 40,- Eur<\/strong> + doprava<\/p>\n\n\n\n<p><\/p>\n\n\n\n<h5 class=\"wp-block-heading has-medium-font-size\"><mark style=\"background-color:rgba(0, 0, 0, 0)\" class=\"has-inline-color has-vivid-red-color\">Fotenia, m\u00f3dne prehliadky, reklamy,&#8230;<\/mark><\/h5>\n\n\n\n<p class=\"has-medium-font-size\"><strong>dohodou<\/strong><\/p>\n\n\n\n<p><\/p>\n\n\n\n<h5 class=\"wp-block-heading has-medium-font-size\"><mark style=\"background-color:rgba(0, 0, 0, 0)\" class=\"has-inline-color has-vivid-red-color\">Individu\u00e1lny kurz sebal\u00ed\u010denia \u2013 denn\u00e9 l\u00ed\u010denie<\/mark><\/h5>\n\n\n\n<p class=\"has-medium-font-size\">D\u013a\u017eka kurzu 2,5 \u2013 3 h. Detail <a href=\"http:\/\/alenagalikmakeup.eu\/?p=1053\">TU<\/a>.<\/p>\n\n\n\n<p class=\"has-medium-font-size\"><strong>120,- Eur<\/strong> + doprava<\/p>\n\n\n\n<p><\/p>\n\n\n\n<h5 class=\"wp-block-heading has-medium-font-size\"><mark style=\"background-color:rgba(0, 0, 0, 0)\" class=\"has-inline-color has-vivid-red-color\">Individu\u00e1lny kurz sebal\u00ed\u010denia \u2013&nbsp;denn\u00e9 a&nbsp;ve\u010dern\u00e9 (spolo\u010densk\u00e9) l\u00ed\u010denie<\/mark><\/h5>\n\n\n\n<p class=\"has-medium-font-size\">D\u013a\u017eka kurzu 3,5 \u2013 4 h. Detail <a href=\"http:\/\/alenagalikmakeup.eu\/?p=1049\">TU<\/a>.<\/p>\n\n\n\n<p class=\"has-medium-font-size\"><strong>150,- Eur<\/strong> + doprava<\/p>\n\n\n\n<p><\/p>\n\n\n\n<h5 class=\"wp-block-heading has-medium-font-size\"><mark style=\"background-color:rgba(0, 0, 0, 0)\" class=\"has-inline-color has-vivid-red-color\">Ostatn\u00e9 polo\u017eky<\/mark><\/h5>\n\n\n\n<p class=\"has-medium-font-size\">Umel\u00e9 mihalnice vr\u00e1tane lepenia &#8211; 10,- Eur\/p\u00e1r<\/p>\n\n\n\n<p class=\"has-medium-font-size\">Kilometrovn\u00e9 &#8211; 0,50 Eur\/km<\/p>\n\n\n\n<p><\/p>\n\n\n\n<p><sub>* v pr\u00edpade svadobn\u00e9ho make-upu a\/alebo \u00fa\u010desu je sk\u00fa\u0161ka podmienkou<\/sub><\/p>\n\n\n\n<p><sub>** \u00fa\u010desy realizujem len ako doplnkov\u00fa slu\u017ebu k make-upu<\/sub><\/p>\n","protected":false},"excerpt":{"rendered":"<p>Make-up Denn\u00fd, ve\u010dern\u00fd, spolo\u010densk\u00fd, svadobn\u00fd, sk\u00fa\u0161ka svadobn\u00e9ho make-upu* 70,- Eur + doprava Spolo\u010densk\u00fd \u00fa\u010des** hairstyling pod\u013ea n\u00e1ro\u010dnosti, sk\u00fa\u0161ka svadobn\u00e9ho \u00fa\u010desu* od 40,- Eur + doprava Fotenia, m\u00f3dne prehliadky, reklamy,&#8230; dohodou Individu\u00e1lny kurz sebal\u00ed\u010denia \u2013 denn\u00e9 l\u00ed\u010denie D\u013a\u017eka kurzu 2,5 \u2013 3 h. Detail TU. 120,- Eur + doprava Individu\u00e1lny kurz sebal\u00ed\u010denia \u2013&nbsp;denn\u00e9 a&nbsp;ve\u010dern\u00e9 (spolo\u010densk\u00e9) l\u00ed\u010denie [&hellip;]<\/p>\n","protected":false},"author":1,"featured_media":0,"parent":0,"menu_order":0,"comment_status":"closed","ping_status":"closed","template":"","meta":{"_monsterinsights_skip_tracking":false,"_monsterinsights_sitenote_active":false,"_monsterinsights_sitenote_note":"","_monsterinsights_sitenote_category":0,"footnotes":""},"class_list":["post-982","page","type-page","status-publish","hentry"],"yoast_head":"<!-- This site is optimized with the Yoast SEO plugin v26.6 - https:\/\/yoast.com\/wordpress\/plugins\/seo\/ -->\n<title>Cenn\u00edk -<\/title>\n<meta name=\"robots\" content=\"index, follow, max-snippet:-1, max-image-preview:large, max-video-preview:-1\" \/>\n<link rel=\"canonical\" href=\"https:\/\/alenagalikmakeup.eu\/?page_id=982\" \/>\n<meta property=\"og:locale\" content=\"sk_SK\" \/>\n<meta property=\"og:type\" content=\"article\" \/>\n<meta property=\"og:title\" content=\"Cenn\u00edk -\" \/>\n<meta property=\"og:description\" content=\"Make-up Denn\u00fd, ve\u010dern\u00fd, spolo\u010densk\u00fd, svadobn\u00fd, sk\u00fa\u0161ka svadobn\u00e9ho make-upu* 70,- Eur + doprava Spolo\u010densk\u00fd \u00fa\u010des** hairstyling pod\u013ea n\u00e1ro\u010dnosti, sk\u00fa\u0161ka svadobn\u00e9ho \u00fa\u010desu* od 40,- Eur + doprava Fotenia, m\u00f3dne prehliadky, reklamy,&#8230; dohodou Individu\u00e1lny kurz sebal\u00ed\u010denia \u2013 denn\u00e9 l\u00ed\u010denie D\u013a\u017eka kurzu 2,5 \u2013 3 h. Detail TU. 120,- Eur + doprava Individu\u00e1lny kurz sebal\u00ed\u010denia \u2013&nbsp;denn\u00e9 a&nbsp;ve\u010dern\u00e9 (spolo\u010densk\u00e9) l\u00ed\u010denie [&hellip;]\" \/>\n<meta property=\"og:url\" content=\"https:\/\/alenagalikmakeup.eu\/?page_id=982\" \/>\n<meta property=\"article:modified_time\" content=\"2026-01-05T16:26:01+00:00\" \/>\n<meta name=\"twitter:card\" content=\"summary_large_image\" \/>\n<meta name=\"twitter:label1\" content=\"Predpokladan\u00fd \u010das \u010d\u00edtania\" \/>\n\t<meta name=\"twitter:data1\" content=\"1 min\u00fata\" \/>\n<script type=\"application\/ld+json\" class=\"yoast-schema-graph\">{\"@context\":\"https:\/\/schema.org\",\"@graph\":[{\"@type\":\"WebPage\",\"@id\":\"https:\/\/alenagalikmakeup.eu\/?page_id=982\",\"url\":\"https:\/\/alenagalikmakeup.eu\/?page_id=982\",\"name\":\"Cenn\u00edk -\",\"isPartOf\":{\"@id\":\"https:\/\/alenagalikmakeup.eu\/#website\"},\"datePublished\":\"2021-08-22T18:34:41+00:00\",\"dateModified\":\"2026-01-05T16:26:01+00:00\",\"breadcrumb\":{\"@id\":\"https:\/\/alenagalikmakeup.eu\/?page_id=982#breadcrumb\"},\"inLanguage\":\"sk-SK\",\"potentialAction\":[{\"@type\":\"ReadAction\",\"target\":[\"https:\/\/alenagalikmakeup.eu\/?page_id=982\"]}]},{\"@type\":\"BreadcrumbList\",\"@id\":\"https:\/\/alenagalikmakeup.eu\/?page_id=982#breadcrumb\",\"itemListElement\":[{\"@type\":\"ListItem\",\"position\":1,\"name\":\"Home\",\"item\":\"https:\/\/alenagalikmakeup.eu\/\"},{\"@type\":\"ListItem\",\"position\":2,\"name\":\"Cenn\u00edk\"}]},{\"@type\":\"WebSite\",\"@id\":\"https:\/\/alenagalikmakeup.eu\/#website\",\"url\":\"https:\/\/alenagalikmakeup.eu\/\",\"name\":\"\",\"description\":\"\",\"potentialAction\":[{\"@type\":\"SearchAction\",\"target\":{\"@type\":\"EntryPoint\",\"urlTemplate\":\"https:\/\/alenagalikmakeup.eu\/?s={search_term_string}\"},\"query-input\":{\"@type\":\"PropertyValueSpecification\",\"valueRequired\":true,\"valueName\":\"search_term_string\"}}],\"inLanguage\":\"sk-SK\"}]}<\/script>\n<!-- \/ Yoast SEO plugin. -->","yoast_head_json":{"title":"Cenn\u00edk -","robots":{"index":"index","follow":"follow","max-snippet":"max-snippet:-1","max-image-preview":"max-image-preview:large","max-video-preview":"max-video-preview:-1"},"canonical":"https:\/\/alenagalikmakeup.eu\/?page_id=982","og_locale":"sk_SK","og_type":"article","og_title":"Cenn\u00edk -","og_description":"Make-up Denn\u00fd, ve\u010dern\u00fd, spolo\u010densk\u00fd, svadobn\u00fd, sk\u00fa\u0161ka svadobn\u00e9ho make-upu* 70,- Eur + doprava Spolo\u010densk\u00fd \u00fa\u010des** hairstyling pod\u013ea n\u00e1ro\u010dnosti, sk\u00fa\u0161ka svadobn\u00e9ho \u00fa\u010desu* od 40,- Eur + doprava Fotenia, m\u00f3dne prehliadky, reklamy,&#8230; dohodou Individu\u00e1lny kurz sebal\u00ed\u010denia \u2013 denn\u00e9 l\u00ed\u010denie D\u013a\u017eka kurzu 2,5 \u2013 3 h. Detail TU. 120,- Eur + doprava Individu\u00e1lny kurz sebal\u00ed\u010denia \u2013&nbsp;denn\u00e9 a&nbsp;ve\u010dern\u00e9 (spolo\u010densk\u00e9) l\u00ed\u010denie [&hellip;]","og_url":"https:\/\/alenagalikmakeup.eu\/?page_id=982","article_modified_time":"2026-01-05T16:26:01+00:00","twitter_card":"summary_large_image","twitter_misc":{"Predpokladan\u00fd \u010das \u010d\u00edtania":"1 min\u00fata"},"schema":{"@context":"https:\/\/schema.org","@graph":[{"@type":"WebPage","@id":"https:\/\/alenagalikmakeup.eu\/?page_id=982","url":"https:\/\/alenagalikmakeup.eu\/?page_id=982","name":"Cenn\u00edk -","isPartOf":{"@id":"https:\/\/alenagalikmakeup.eu\/#website"},"datePublished":"2021-08-22T18:34:41+00:00","dateModified":"2026-01-05T16:26:01+00:00","breadcrumb":{"@id":"https:\/\/alenagalikmakeup.eu\/?page_id=982#breadcrumb"},"inLanguage":"sk-SK","potentialAction":[{"@type":"ReadAction","target":["https:\/\/alenagalikmakeup.eu\/?page_id=982"]}]},{"@type":"BreadcrumbList","@id":"https:\/\/alenagalikmakeup.eu\/?page_id=982#breadcrumb","itemListElement":[{"@type":"ListItem","position":1,"name":"Home","item":"https:\/\/alenagalikmakeup.eu\/"},{"@type":"ListItem","position":2,"name":"Cenn\u00edk"}]},{"@type":"WebSite","@id":"https:\/\/alenagalikmakeup.eu\/#website","url":"https:\/\/alenagalikmakeup.eu\/","name":"","description":"","potentialAction":[{"@type":"SearchAction","target":{"@type":"EntryPoint","urlTemplate":"https:\/\/alenagalikmakeup.eu\/?s={search_term_string}"},"query-input":{"@type":"PropertyValueSpecification","valueRequired":true,"valueName":"search_term_string"}}],"inLanguage":"sk-SK"}]}},"_links":{"self":[{"href":"https:\/\/alenagalikmakeup.eu\/index.php?rest_route=\/wp\/v2\/pages\/982","targetHints":{"allow":["GET"]}}],"collection":[{"href":"https:\/\/alenagalikmakeup.eu\/index.php?rest_route=\/wp\/v2\/pages"}],"about":[{"href":"https:\/\/alenagalikmakeup.eu\/index.php?rest_route=\/wp\/v2\/types\/page"}],"author":[{"embeddable":true,"href":"https:\/\/alenagalikmakeup.eu\/index.php?rest_route=\/wp\/v2\/users\/1"}],"replies":[{"embeddable":true,"href":"https:\/\/alenagalikmakeup.eu\/index.php?rest_route=%2Fwp%2Fv2%2Fcomments&post=982"}],"version-history":[{"count":5,"href":"https:\/\/alenagalikmakeup.eu\/index.php?rest_route=\/wp\/v2\/pages\/982\/revisions"}],"predecessor-version":[{"id":1126,"href":"https:\/\/alenagalikmakeup.eu\/index.php?rest_route=\/wp\/v2\/pages\/982\/revisions\/1126"}],"wp:attachment":[{"href":"https:\/\/alenagalikmakeup.eu\/index.php?rest_route=%2Fwp%2Fv2%2Fmedia&parent=982"}],"curies":[{"name":"wp","href":"https:\/\/api.w.org\/{rel}","templated":true}]}}